398.
2, 3, 5233
List the prime factors of 4761.
3, 23
What are the prime factors of 1192?
2, 149
What are the prime factors of 146874?
2, 3, 7, 13, 269
List the prime factors of 1386.
2, 3, 7, 11
List the prime factors of 6.
2, 3
What are the prime factors of 18891?
3, 2099
What are the prime factors of 151829?
19, 61, 131
List the prime factors of 1736.
2, 7, 31
What are the prime factors of 6470?
2, 5, 647
List the prime factors of 31447.
13, 41, 59
What are the prime factors of 525?
3, 5, 7
List the prime factors of 7455.
3, 5, 7, 71
What are the prime factors of 4364?
2, 1091
List the prime factors of 1506.
2, 3, 251
List the prime factors of 120738.
2, 3, 20123
List the prime factors of 3589.
37, 97
What are the prime factors of 3219?
3, 29, 37
What are the prime factors of 5660?
2, 5, 283
List the prime factors of 3982.
2, 11, 181
What are the prime factors of 28586?
2, 14293
List the prime factors of 128033.
128033
List the prime factors of 33600.
2, 3, 5, 7
List the prime factors of 12428.
2, 13, 239
List the prime factors of 151.
151
What are the prime factors of 426?
2, 3, 71
What are the prime factors of 4083?
3, 1361
List the prime factors of 3244.
2, 811
What are the prime factors of 107301?
3, 47, 761
What are the prime factors of 9650?
2, 5, 193
What are the prime factors of 11201?
23, 487
List the prime factors of 4642.
2, 11, 211
List the prime factors of 16403.
47, 349
List the prime factors of 44080.
2, 5, 19, 29
List the prime factors of 26746.
2, 43, 311
What are the prime factors of 31333?
31333
List the prime factors of 109.
109
List the prime factors of 3246.
2, 3, 541
List the prime factors of 56770.
2, 5, 7, 811
List the prime factors of 109.
109
List the prime factors of 25.
5
List the prime factors of 3994.
2, 1997
List the prime factors of 484.
2, 11
What are the prime factors of 8056?
2, 19, 53
What are the prime factors of 7922?
2, 17, 233
What are the prime factors of 3635?
5, 727
What are the prime factors of 809?
809
List the prime factors of 11506.
2, 11, 523
List the prime factors of 1709.
1709
List the prime factors of 1845.
3, 5, 41
What are the prime factors of 1532?
2, 383
What are the prime factors of 33726?
2, 3, 7, 11, 73
What are the prime factors of 93026?
2, 193, 241
What are the prime factors of 4479?
3, 1493
What are the prime factors of 2177?
7, 311
List the prime factors of 100799.
100799
List the prime factors of 4164.
2, 3, 347
List the prime factors of 13415.
5, 2683
What are the prime factors of 2026?
2, 1013
What are the prime factors of 11602?
2, 5801
What are the prime factors of 3081?
3, 13, 79
What are the prime factors of 2272?
2, 71
List the prime factors of 4129.
4129
What are the prime factors of 3148?
2, 787
List the prime factors of 7735.
5, 7, 13, 17
List the prime factors of 2643.
3, 881
What are the prime factors of 43621?
181, 241
List the prime factors of 1970.
2, 5, 197
List the prime factors of 430.
2, 5, 43
What are the prime factors of 2437?
2437
What are the prime factors of 3201?
3, 11, 97
What are the prime factors of 28524?
2, 3, 2377
What are the prime factors of 4582?
2, 29, 79
List the prime factors of 3949.
11, 359
List the prime factors of 9683.
23, 421
List the prime factors of 730.
2, 5, 73
What are the prime factors of 5861?
5861
What are the prime factors of 21056?
2, 7, 47
List the prime factors of 1324.
2, 331
List the prime factors of 1768.
2, 13, 17
List the prime factors of 59311.
7, 37, 229
What are the prime factors of 2479?
37, 67
What are the prime factors of 2728?
2, 11, 31
List the prime factors of 521.
521
What are the prime factors of 3657?
3, 23, 53
What are the prime factors of 45809?
19, 2411
List the prime factors of 10311.
3, 7, 491
List the prime factors of 2694.
2, 3, 449
What are the prime factors of 928?
2, 29
List the prime factors of 3280.
2, 5, 41
What are the prime factors of 414?
2, 3, 23
What are the prime factors of 2918?
2, 1459
What are the prime factors of 10665?
3, 5, 79
What are the prime factors of 75052?
2, 29, 647
What are the prime factors of 3520?
2, 5, 11
What are the prime factors of 49829?
13, 3833
List the prime factors of 104260.
2, 5, 13, 401
What are the prime factors of 34908?
2, 3, 2909
What are the prime factors of 5359?
23, 233
List the prime factors of 75165.
3, 5, 5011
What are the prime factors of 431?
431
What are the prime factors of 25019?
127, 197
What are the prime factors of 991?
991
List the prime factors of 7614.
2, 3, 47
List the prime factors of 719.
719
List the prime factors of 145970.
2, 5, 11, 1327
What are the prime factors of 3970?
2, 5, 397
What are the prime factors of 6366?
2, 3, 1061
List the prime factors of 1240.
2, 5, 31
List the prime factors of 2609.
2609
What are the prime factors of 1258?
2, 17, 37
What are the prime factors of 1408?
2, 11
List the prime factors of 520.
2, 5, 13
List the prime factors of 46008.
2, 3, 71
List the prime factors of 746.
2, 373
List the prime factors of 34662.
2, 3, 53, 109
What are the prime factors of 59025?
3, 5, 787
List the prime factors of 1813.
7, 37
What are the prime factors of 3814?
2, 1907
List the prime factors of 4752.
2, 3, 11
What are the prime factors of 78352?
2, 59, 83
What are the prime factors of 1758?
2, 3, 293
List the prime factors of 1678.
2, 839
What are the prime factors of 2333?
2333
List the prime factors of 555.
3, 5, 37
What are the prime factors of 629?
17, 37
List the prime factors of 29535.
3, 5, 11, 179
What are the prime factors of 50954?
2, 73, 349
What are the prime factors of 886?
2, 443
List the prime factors of 863.
863
List the prime factors of 86.
2, 43
What are the prime factors of 35205?
3, 5, 2347
List the prime factors of 58199.
58199
List the prime factors of 256.
2
List the prime factors of 1145.
5, 229
What are the prime factors of 457?
457
What are the prime factors of 3713?
47, 79
What are the prime factors of 16074?
2, 3, 19, 47
What are the prime factors of 167?
167
List the prime factors of 20426.
2, 7, 1459
What are the prime factors of 2756?
2, 13, 53
What are the prime factors of 78311?
78311
What are the prime factors of 24803?
17, 1459
What are the prime factors of 1113?
3, 7, 53
What are the prime factors of 11694?
2, 3, 1949
What are the prime factors of 442?
2, 13, 17
List the prime factors of 10811.
19, 569
List the prime factors of 629.
17, 37
List the prime factors of 3115.
5, 7, 89
What are the prime factors of 15684?
2, 3, 1307
What are the prime factors of 16804?
2, 4201
What are the prime factors of 44294?
2, 22147
What are the prime factors of 57445?
5, 11489
List the prime factors of 17424.
2, 3, 11
What are the prime factors of 24561?
3, 2729
List the prime factors of 84711.
3, 11, 17, 151
List the prime factors of 5211.
3, 193
What are the prime factors of 15508?
2, 3877
List the prime factors of 32857.
11, 29, 103
List the prime factors of 23766.
2, 3, 17, 233
List the prime factors of 48397.
48397
List the prime factors of 1613.
1613
List the prime factors of 21118.
2, 10559
What are the prime factors of 9980?
2, 5, 499
List the prime factors of 1823.
1823
List the prime factors of 4950.
2, 3, 5, 11
What are the prime factors of 4196?
2, 1049
List the prime factors of 70894.
2, 35447
List the prime factors of 6365.
5, 19, 67
What are the prime factors of 47112?
2, 3, 13, 151
What are the prime factors of 10748?
2, 2687
What are the prime factors of 39594?
2, 3, 6599
What are the prime factors of 57524?
2, 73, 197
What are the prime factors of 1070?
2, 5, 107
List the prime factors of 305.
5, 61
What are the prime factors of 220?
2, 5, 11
List the prime factors of 87155.
5, 17431
List the prime factors of 5814.
2, 3, 17, 19
What are the prime factors of 1591?
37, 43
List the prime factors of 4127.
4127
What are the prime factors of 108515?
5, 11, 1973
What are the prime factors of 18111?
3, 6037
What are the prime factors of 3241?
7, 463
What are the prime factors of 58717?
71, 827
What are the prime factors of 1750?
2, 5, 7
List the prime factors of 17522.
2, 8761
What are the prime factors of 5627?
17, 331
What are the prime factors of 939?
3, 313
What are the prime factors of 18909?
3, 11, 191
List the prime factors of 6739.
23, 293
What are the prime factors of 25080?
